 k?
3
Suppose 0 = -28*v + 33*v - 195. What is the greatest common factor of v and 273?
39
Let o be 5 + -2 + -1 + 78. Calculate the greatest common factor of 20 and o.
20
Suppose -13 - 126 = -3*i + f, -5*f = 2*i - 121. Calculate the highest common factor of 6 and i.
6
Let n be (-1)/(-2) - 58/4. Let s be ((-54)/(-21))/((-2)/n). Suppose -u = a - s, 2*u = -4*a - 1 + 65. What is the greatest common factor of a and 154?
14
Suppose 0 = -3*y - 9 + 33. Let l = -9 - 7. Let c = l - -18. Calculate the highest common divisor of y and c.
2
Let c(z) = z**2 - 5*z + 1. Suppose 4*m + 7 = 27. Let n be c(m). Suppose b = -0*b - 5, 4*b + 30 = 5*f. What is the highest common divisor of n and f?
1
Suppose -4 = d - 3*d, 43 = l - d. Let n be (0 - -27)/1 - -3. Calculate the greatest common factor of l and n.
15
Let w(d) = 64*d - 41. Let m be w(7). Calculate the highest common divisor of 37 and m.
37
Let q be (-42)/(-4) + 3/(-6). Suppose -5*m - 15 = -2*r, 3*r + 0*r = 2*m + 6. Suppose -60 = -r*b - 3*b. What is the highest common factor of b and q?
10
Suppose -4*y + 28 + 116 = 0. What is the highest common factor of y and 9?
9
Let p = -22 - -38. Let q(b) = -b**2 - 6*b + 8. Let o be q(-8). Let j be (o/(-2))/(3/24). What is the greatest common divisor of j and p?
16
Suppose 0 = -0*h - 2*h - 2*t + 16, -3*t - 6 = 0. What is the highest common divisor of 1 and h?
1
Let o(h) = h**2 - h + 5. Let c(k) = k**2 + 10*k. Let t be c(-10). Suppose p + p = t. Let s be o(p). What is the greatest common divisor of s and 5?
5
Let r(w) = -w**3 - 5*w**2 - 3*w - 6. Let j(c) = -c**2 - c + 1. Let m be j(2). Let b be r(m). Calculate the greatest common divisor of 6 and b.
3
Let u be (-2)/8 + (-9)/(-4). Suppose -y = -i + y + u, 5*y + 2 = 2*i. Let g = i - -10. Calculate the greatest common factor of g and 80.
16
Suppose -4*z - 94 = 5*j, 2*z + 4*j - 2*j = -46. Let i = z - -27. Calculate the greatest common divisor of i and 60.
6
Let y = -151 + 259. Let x = y - 18. What is the highest common divisor of x and 36?
18
Let i = 8 + 0. Let l(t) = t**2 - 2*t. Let d be l(1). Let w be (1 - -9) + 2/d. Calculate the greatest common divisor of w and i.
8
Suppose -4*u + 4*w + 92 = 0, u + 5*w - 1 = -8. What is the greatest common factor of u and 144?
18
Suppose 0 = 2*l - c - 67, 0*c + 165 = 5*l - 3*c. Suppose 246 = n + 2*u, -u + 977 = 4*n - 28. Calculate the highest common divisor of n and l.
36
Let z be 105/10*(-32)/(-3). Let j be ((-174)/(-45) - 4)*-5*21. Calculate the highest common divisor of j and z.
14
Let k = 28 + 8. Let r be (-6)/((40/(-15))/4). What is the highest common divisor of k and r?
9
Let h(i) = 2*i**2 + 2*i + 8. Let u be h(-4). Let q = -25 - -41. Calculate the greatest common divisor of u and q.
16
Let r(o) = 57*o + 1. Let g be r(-1). Let v = g + 141. What is the greatest common factor of v and 17?
17
Let d be -4 + (-5 - -1)*-1. Suppose -5*x - 2 + 32 = d. What is the greatest common factor of 6 and x?
6
Suppose -8*h = -4*h + 4*v - 68, -5*h + 95 = 3*v. Calculate the highest common divisor of 33 and h.
11
Let x = 17 + 23. Calculate the highest common divisor of x and 100.
20
Let u be (-41 - 1)*-1 + -2. Let k(h) = -h**2 - 3*h + 8. Let g be k(6). Let j be g/(-10) + (-2)/(-5). What is the greatest common factor of j and u?
5
Let w(n) = 3*n**2 + 2*n - 5. Let y be w(-3). What is the greatest common divisor of 24 and y?
8
Suppose 90 = 5*d - 0*d. Suppose q + 2*q = d. What is the highest common divisor of 66 and q?
6
Let l be 6/(-8)*(1 - 73). Calculate the greatest common factor of l and 6.
6
Let n(f) = f**3 - f**2 - f. Let m be n(0). Let z = m - -12. What is the highest common factor of z and 132?
12
Let h(z) = 11*z**2 - 1. Let x be h(1). Suppose -8*k - 104 + 504 = 0. Calculate the highest common divisor of x and k.
10
Let a be (-2)/(-6) + 16/6. Let n be -1 - -18 - 6/a. Let f(t) = -t**3 - 5*t**2 + 11*t + 1. Let j be f(-8). Calculate the greatest common divisor of n and j.
15
Suppose 9*c - 25 = 200. Let p be 13 - 1 - (1 - -1). What is the greatest common divisor of c and p?
5
Suppose 228 = 4*h - w, -8 = -2*h + 5*w + 124. What is the greatest common divisor of 7 and h?
7
Suppose 7*a - 9*a + 10 = 0. Calculate the highest common factor of a and 25.
5
Let c = -44 - -262. Let b = c - 114. What is the highest common divisor of b and 13?
13
Let i(k) = -k + 2. Let d be i(-7). Suppose u = -2, 146 = 5*q - 6*q + 2*u. Let f = q - -231. What is the greatest common factor of d and f?
9
Let u be (1/(-3))/((-1)/12). Suppose 3*j - 3*h + 45 = 0, 0*h = -u*j + h - 57. Let c = 22 + j. What is the highest common factor of 12 and c?
4
Let g = 306 + -119. What is the highest common divisor of g and 11?
11
Let s(b) = -3*b - 6. Let i be s(-4). Let q = -20 - -38. Calculate the highest common divisor of q and i.
6
Let q = 11 + -5. Suppose -3*w - 9 = -3*p, p - 3*w - 8 + 3 = 0. Suppose p*k + 484 = q*k. What is the highest common divisor of 11 and k?
11
Let w be 2/(-1 + (-9)/(-6)). Let c be (w/8)/((-2)/212). Let n = c + 116. What is the highest common divisor of 9 and n?
9
Suppose 5*f = 37 - 2. What is the greatest common factor of f and 56?
7
Suppose 0 = i + 4*i - 320. Suppose 4*y + 3*q = 2*q + 49, -4*y = 4*q - i. Suppose 5*g = f - 30 - 52, -4 = 4*g. What is the greatest common divisor of f and y?
11
Let w = 2 + 0. Suppose 0 = -n - t + 111, 3*n - 327 = w*t - 3*t. Suppose -36 + 0 = -3*a. Calculate the greatest common factor of a and n.
12
Suppose 210 = 6*y + y. Let g = 20 + -10. What is the highest common divisor of g and y?
10
Let q be 43 - 4 - (-3 + 7). What is the highest common divisor of 14 and q?
7
Suppose 12*k - 10*k = -4. Let v be (-28)/35*5/k. What is the greatest common factor of v and 14?
2
Suppose 3*r + 3*n = 39, r + 5*n - 3*n = 11. What is the highest common factor of 75 and r?
15
Suppose 138*z = 141*z - 351. What is the greatest common factor of z and 13?
13
Let t be (-1)/(-3) + 7/(-21). Suppose 3*i - 30 = -t*i. Let l = i - 7. Calculate the highest common factor of l and 3.
3
Suppose -a = 5*a - 24. Let b be 1/3 + (-34)/(-6). Let q be (b/4)/((-1)/(-4)). What is the greatest common divisor of a and q?
2
Suppose 3*p = 2*p + 75. Let i = p + -45. Let g(t) = -t**3 + t**2 - t - 2. Let n be g(-2). What is the greatest common factor of i and n?
6
Let j = -7 - -14. Suppose -3*v + 115 = -5*u, 5*v - 5*u = 129 + 56. What is the highest common divisor of v and j?
7
Let i be (3/(-1))/(2/6). Let u = i + 13. Suppose -l - 200 = -5*f - u*l, l = 0. Calculate the greatest common divisor of f and 60.
20
Let n = 5 - 5. Let c = n + 0. Suppose 5*k + 37 - 87 = c. What is the highest common divisor of k and 30?
10
Suppose -8*s + 50 = -94. What is the highest common divisor of 2 and s?
2
Suppose 2*o + 2 + 4 = 0. Let r(y) = y**2 + y. Let k be r(o). Let i(s) = 28*s - 2. Let p be i(2). What is the highest common divisor of k and p?
6
Let c be (-3)/12 - (-47)/(-4). Let l be 8/c - (-170)/3. Calculate the highest common divisor of 7 and l.
7
Let z = 37 - 23. Calculate the highest common factor of 98 and z.
14
Suppose 2*p - 7*p = 0. Suppose p*x + 5*x - 12 = o, -5*o - 6 = 2*x. Let a = 1 + 1. What is the highest common factor of x and a?
2
Let s(t) = t**2 - 8*t + 9. Let g be s(9). What is the highest common divisor of g and 6?
6
Suppose x - p + 23 = 3*x, 0 = 3*x + p - 35. Suppose 12 = m + 3*m. What is the greatest common divisor of m and x?
3
Suppose -2*n = 4 - 12. Suppose 0 = 4*w + n*r - 148, -4*w + 2*r = r - 143. Calculate the highest common divisor of 54 and w.
18
Let z(x) = x**3 + x**2 - 4*x - 3. Let j be z(-2). Let i be 1*1*16*j. Calculate the highest common divisor of 8 and i.
8
Let x be 23/4 + (-2)/(-8). Suppose 0 = x*o - 2*o - 720. Let z(m) = -m**3 - 6*m**2 - 4*m - 4. Let l be z(-6). Calculate the highest common factor of o and l.
20
Suppose -4*r = -13 - 23. Suppose 0 = 5*j - 0*j - 495. Calculate the highest common divisor of r and j.
9
Suppose -2*s - s = -234. Suppose -c = 3*g - s - 56, 4*g - 184 = -4*c. Calculate the highest common divisor of 22 and g.
22
Let m(x) = 2*x + 4. Let g be (-70)/(-25) + 1/5. Let p be m(g). Calculate the highest common divisor of p and 15.
5
Let x be (2/2)/(3/36). Let u(r) = -r + 7. Let i be u(5). Suppose -i*p = -5*f - 26, 2*f + 21 = p + 7. Calculate the highest common factor of x and p.
6
Suppose -2*p - 3*p - 27 = a, 